+ -4. Suppose -4*o + 107 = -69. What is the highest common divisor of u and o?
4
Let t be (-696)/(-20) - (-4)/(-5). Suppose t = -4*g - 4*l + 102, 0 = 5*g - 4*l - 94. Calculate the greatest common divisor of 6 and g.
6
Let d(v) = 4*v**3 + 5*v**2 - 34*v - 2. Let x be d(4). Calculate the highest common factor of 110 and x.
22
Suppose 0 = -31*v + 451 + 262. Calculate the highest common divisor of 529 and v.
23
Let m(d) = d**3 - 4*d**2 - 25*d - 14. Let w be m(8). Calculate the highest common divisor of w and 12.
6
Suppose -2*w - 5*j + 658 = 0, 40*j + 976 = 3*w + 42*j. What is the highest common factor of w and 72?
36
Let h be ((-20)/(-8) - 0)*2. Suppose -h*n + 38 = -47. Suppose 3*l = -0*l - 2*b + 49, 71 = 4*l - 3*b. What is the highest common factor of l and n?
17
Let g = -851 - -995. Calculate the greatest common factor of 80 and g.
16
Let j(r) = -r**3 - r**2 + 2. Let a be j(0). Suppose -a*s + 30 = -7*s. Let v be s/15 + (-1266)/(-15). What is the highest common factor of 56 and v?
28
Let y be -2 + (-14)/(-8) + (-194)/(-8). Suppose 15*h - 19*h + y = 0. Suppose -3*i = -0*i - 162. Calculate the greatest common factor of h and i.
6
Suppose -h - s = -9, -5*h + 0*s + 42 = 2*s. Let i be (10/6)/((-1 - -4)/9). Suppose -h - 47 = -i*f. Calculate the greatest common divisor of f and 77.
11
Let v be (-2)/(-5) - 53/(-5). Let q = v + -3. Let t be 4 + 12/q*-2. Calculate the greatest common divisor of 4 and t.
1
Let v = 0 - -3. Suppose 5*s - h = 1018, -3*h - 606 = -v*s - 0*h. Let l = s + -1. What is the highest common factor of 29 and l?
29
Let w(b) = b + 2. Let d be w(2). Let m(p) = -5*p + 2*p + 8 + 0 + 2*p. Let y be m(d). What is the greatest common divisor of y and 36?
4
Let j(h) = 40*h + 11. Let k be j(7). Suppose -v + 4*x + 309 = 0, v + 0*x + 2*x = k. Calculate the highest common divisor of 33 and v.
33
Suppose 5 = 6*v - 13. Suppose -2*q = -3*p + 2*q + 862, 0 = v*p + q - 887. Calculate the greatest common factor of 42 and p.
42
Suppose 0 = z, 29*v - 31*v = -5*z - 684. Calculate the highest common divisor of 2 and v.
2
Suppose -2*r + 219 = 117. What is the highest common factor of r and 119?
17
Let d be 810/4*24/30. Calculate the greatest common factor of 54 and d.
54
Let f be -4*(-355)/60 - (-3)/9. Calculate the highest common divisor of 76 and f.
4
Let a be (1/2)/((-9)/76752*-26). Calculate the greatest common factor of a and 779.
41
Suppose 5*y - 358 = -58. What is the greatest common divisor of 435 and y?
15
Let f(n) be the third derivative of 29*n**5/30 - n**4/12 + n**3/2 - 26*n**2. Let j be f(1). Calculate the highest common factor of 118 and j.
59
Let a be -10*((-2)/(-5) - (1 - -1)). What is the greatest common factor of 36 and a?
4
Suppose -127 - 438 = -p. Let c be -4*11850/(-55) - 4/(-22). Let v = c - p. Calculate the highest common factor of 27 and v.
27
Let k = -177 + 192. What is the greatest common divisor of 165 and k?
15
Suppose -5*w + 0*v + 280 = 3*v, -4*w + 224 = -2*v. What is the highest common divisor of 24 and w?
8
Let t be ((-9)/(-6))/((-2)/(-220)). Let h(j) = j**2 + 19*j + 99. Let l be h(-12). What is the highest common factor of l and t?
15
Suppose 2*b - 53 = -29. Suppose -3*f + 7*j - 24 = 2*j, 0 = -3*j + 9. Let g be ((-88)/6)/(f/27). Calculate the highest common factor of g and b.
12
Suppose 32 - 108 = -4*p. Suppose 5*s = -n + 764, 4*s + n = -143 + 755. What is the highest common divisor of p and s?
19
Suppose 5*c - 290 = -45. Let q(r) = 10*r**3 + 8*r. Let l be q(3). What is the greatest common divisor of l and c?
49
Let f be (-40)/(-70) + 1905/35. What is the highest common factor of 77 and f?
11
Let r = -6 + 6. Let k be (-7)/(21/12) + r. Let s(q) = q**2 + 2*q - 4. Let m be s(k). Calculate the greatest common factor of 44 and m.
4
Let s(q) = -q**3 + 36*q**2 - 28*q + 115. Let p be s(35). Calculate the highest common divisor of p and 840.
120
Let x be (336*3)/7 + -4. Let u be (6/4)/(3/40). Calculate the highest common divisor of u and x.
20
Let x(q) = -2*q**3 + 3*q**2 - 2. Let d be x(2). Let o = d + 11. Suppose -n = -o - 3. What is the highest common divisor of 8 and n?
8
Let w be (2 - (-7)/(-2))*(-2)/(-1). Let b(n) = -5*n**3 - 3*n**2 + 2. Let q be b(w). What is the highest common factor of 22 and q?
22
Let r(y) = 2*y**2 - 3*y + 4. Let p be r(4). Suppose -3*s + s = -5*t + 62, 0 = -t + 3*s + 15. What is the highest common factor of t and p?
12
Let q = -51 - -55. Let l be -6*(194/(-8) + 1/q). Calculate the greatest common divisor of l and 36.
36
Let g = -164 - -192. Let s = 19 - -2. Calculate the greatest common divisor of g and s.
7
Suppose 0 = 97*d - 48*d - 2352. Calculate the highest common divisor of d and 3072.
48
Let w(n) = -n**2 - 2*n + 237. Let g be w(0). Let j = g - 111. What is the highest common factor of 14 and j?
14
Let h = -699 - -1350. What is the greatest common factor of h and 84?
21
Let n = 17 + -14. Suppose 4*h = -n*h + 70. Let b = 46 - -4. What is the greatest common divisor of b and h?
10
Let w be 1*-19*2/(-2). Let f = 5560 - 5427. Calculate the greatest common factor of f and w.
19
Let a be 15/(-10)*6 - 2. Let d = a + 26. What is the highest common divisor of d and 105?
15
Suppose -x = 0, -5*x = -5*b - 27 + 1147. Calculate the highest common divisor of b and 32.
32
Let a be ((-10)/25)/((-32)/30 + 1). What is the greatest common factor of a and 294?
6
Let r = -280 - -340. What is the greatest common divisor of 36 and r?
12
Let r = 74 - -28. Calculate the highest common divisor of 51 and r.
51
Let v(h) = -3*h - 3. Let w be v(-5). Suppose 11*n = 8*n + 5*y + 190, -5*y - 310 = -5*n. What is the greatest common divisor of w and n?
12
Let o = 4 + -1. Let h be ((-42)/(-7) + -5)*1. Calculate the greatest common divisor of h and o.
1
Let y(t) = t**2 + 10*t + 12. Let i be y(-1). What is the highest common factor of i and 159?
3
Let h = 785 - 400. Let j = -36 + 71. What is the greatest common factor of h and j?
35
Let o be -1*74/(-6) - (-6)/(-18). Calculate the greatest common divisor of 48 and o.
12
Suppose 2*a = 3*z - 195, 0*z + 2*z - a - 130 = 0. Calculate the highest common divisor of z and 10.
5
Let k = 65 - -97. Calculate the highest common factor of k and 18.
18
Suppose -54*x + 33063 + 7977 = 0. What is the highest common factor of 40 and x?
40
Let j be -5*566/(-30) - 2/(-3). What is the highest common factor of j and 133?
19
Let f(g) = g**2 - 8*g - 126. Let q be f(-9). What is the greatest common factor of 333 and q?
9
Let w(j) = j**2 - 2*j + 1. Let q be w(3). Suppose 2 - 66 = -q*k. Let h(m) = 70*m**2 + 5*m - 1. Let v be h(-1). What is the highest common factor of k and v?
16
Let y(d) = 2*d**2 + 5*d + 12. Let j be y(-4). What is the greatest common factor of j and 192?
24
Suppose -1997*u + 1996*u + 3 = 0. Calculate the highest common divisor of u and 3.
3
Suppose 5*x - 30 = -3*k, 0 = 4*k - 0*x + 4*x - 48. Let s be (9*2)/(-13 + k). What is the highest common factor of s and 99?
9
Let j = 130 - 115. Let l be -6*(-1)/(j/(-6) - -3). Calculate the highest common divisor of 6 and l.
6
Let q(r) = -42*r - 759. Let h be q(-35). Calculate the greatest common factor of 9 and h.
9
Suppose -4*t - 4*r + 36 = 0, 11*t + r - 39 = 7*t. What is the greatest common divisor of t and 505?
5
Let m = 28 + 197. Calculate the greatest common divisor of 15 and m.
15
Suppose -17*q - 9984 = -41*q. Calculate the highest common factor of 24 and q.
8
Let m(u) = -4*u + 2. Let t be m(8). Let v = t + 51. Calculate the greatest common divisor of 168 and v.
21
Suppose -41*b + 31*b - 50 = 0. Let i(l) = l**2 + 0*l**2 + 3*l + 1 - 3. Let x be i(b). Calculate the highest common divisor of x and 72.
8
Let h be -2 + 4 - (-22 + 2). Suppose -w - 3*w + 12 = 0. Suppose 5*z - w*z = 22. Calculate the highest common divisor of h and z.
11
Suppose -3*y = -0*y - 36. Let o be 1/((y/8)/3). Let x be (-3 + (6 - o))*12. Calculate the highest common factor of 30 and x.
6
Suppose 2*n + 328 = 960. Let j be n/10 + (-12)/(-30). Suppose 0 = 3*b - 4*z - 132, -4*b - 2*z + 115 = -83. Calculate the greatest common divisor of j and b.
16
Let i(l) = l**2 - 2*l + 2. Let a be ((-12)/(-9) - 2)*-3. Let x be i(a). Let s be 14*(1/x + 0). Calculate the greatest common factor of 63 and s.
7
Let k(u) = 7*u + 68. Let m be k(28). What is the highest common divisor of 22 and m?
22
Let t be (-6)/18